{"id":1390,"date":"2022-04-21T11:26:01","date_gmt":"2022-04-21T11:26:01","guid":{"rendered":"https:\/\/lsiracusa.com\/index.php\/home\/"},"modified":"2023-10-16T23:57:01","modified_gmt":"2023-10-17T03:57:01","slug":"home","status":"publish","type":"page","link":"https:\/\/lsiracusa.com\/","title":{"rendered":"Inicio"},"content":{"rendered":"\n<div class=\"wp-block-uagb-container uagb-block-64e0af8e alignfull uagb-is-root-container\"><div class=\"uagb-container-inner-blocks-wrap\">\n<div class=\"wp-block-uagb-info-box uagb-block-68c6e07c uagb-infobox__content-wrap  uagb-infobox-icon-above-title uagb-infobox-image-valign-top\"><div class=\"uagb-ifb-content\"><div class=\"uagb-ifb-title-wrap\"><h1 class=\"uagb-ifb-title\">Bienvenidos<\/h1><\/div><p class=\"uagb-ifb-desc\">Mantener una adecuada gesti\u00f3n financiera requiere en la actualidad de profesionales entusiastas, visionarios, centrados en habilidades de liderazgo estrat\u00e9gico, con iniciativa, creatividad, apoy\u00e1ndose en t\u00e9cnicas de an\u00e1lisis y herramientas de Big Data, que permiten tener un mejor conocimiento de los datos, proporcionando informes resumidos de alto nivel, con datos claves y recomendaciones en tiempo real para la oportuna toma de decisiones comerciales. <br><br>Presento mi portafolio, producto de m\u00e1s de 25 a\u00f1os de experiencia en Gesti\u00f3n y Control Financiero,  Control de Costos y Tesorer\u00eda, Contabilidad, Elaboraci\u00f3n de Informes Financieros Mensuales, Presupuesto Operativo Anual y consecuente seguimiento, desarrollando y gestionando procesos controlados y eficientes en cumplimiento de la normativa legal y pol\u00edticas internas para empresas multinacionales. <br><br><br>La visualizaci\u00f3n de datos disponibles de forma libre, a trav\u00e9s de la herramienta PowerBi, permite identificar los principales insights de la organizaci\u00f3n ejemplo, lo que genera un gran conocimiento para definir con mayor certeza las estrategias del negocio.<\/p><\/div><\/div>\n\n\n\n<div class=\"wp-block-uagb-container uagb-block-b9ed9084\">\n<div class=\"wp-block-uagb-image alignright uagb-block-9eb58949 wp-block-uagb-image--layout-default wp-block-uagb-image--effect-static wp-block-uagb-image--align-right\"><figure class=\"wp-block-uagb-image__figure\"><img decoding=\"async\" srcset=\"https:\/\/lsiracusa.com\/wp-content\/uploads\/2023\/09\/DataAnalisis.png \" sizes=\"auto, (max-width: 480px) 150px\" src=\"https:\/\/lsiracusa.com\/wp-content\/uploads\/2023\/09\/DataAnalisis.png\" alt=\"\" class=\"uag-image-2654\" width=\"595\" height=\"588\" title=\"\" loading=\"lazy\"\/><\/figure><\/div>\n<\/div>\n<\/div><\/div>\n","protected":false},"excerpt":{"rendered":"","protected":false},"author":1,"featured_media":0,"parent":0,"menu_order":0,"comment_status":"closed","ping_status":"closed","template":"","meta":{"_uag_custom_page_level_css":"","site-sidebar-layout":"no-sidebar","site-content-layout":"page-builder","ast-site-content-layout":"full-width-container","site-content-style":"unboxed","site-sidebar-style":"unboxed","ast-global-header-display":"","ast-banner-title-visibility":"","ast-main-header-display":"","ast-hfb-above-header-display":"","ast-hfb-below-header-display":"","ast-hfb-mobile-header-display":"","site-post-title":"disabled","ast-breadcrumbs-content":"","ast-featured-img":"disabled","footer-sml-layout":"","theme-transparent-header-meta":"enabled","adv-header-id-meta":"","stick-header-meta":"","header-above-stick-meta":"","header-main-stick-meta":"","header-below-stick-meta":"","astra-migrate-meta-layouts":"set","footnotes":""},"class_list":["post-1390","page","type-page","status-publish","hentry"],"uagb_featured_image_src":{"full":false,"thumbnail":false,"medium":false,"medium_large":false,"large":false,"1536x1536":false,"2048x2048":false},"uagb_author_info":{"display_name":"lilianag.siracusac","author_link":"https:\/\/lsiracusa.com\/index.php\/author\/lilianag-siracusac\/"},"uagb_comment_info":0,"uagb_excerpt":null,"_links":{"self":[{"href":"https:\/\/lsiracusa.com\/index.php\/wp-json\/wp\/v2\/pages\/1390","targetHints":{"allow":["GET"]}}],"collection":[{"href":"https:\/\/lsiracusa.com\/index.php\/wp-json\/wp\/v2\/pages"}],"about":[{"href":"https:\/\/lsiracusa.com\/index.php\/wp-json\/wp\/v2\/types\/page"}],"author":[{"embeddable":true,"href":"https:\/\/lsiracusa.com\/index.php\/wp-json\/wp\/v2\/users\/1"}],"replies":[{"embeddable":true,"href":"https:\/\/lsiracusa.com\/index.php\/wp-json\/wp\/v2\/comments?post=1390"}],"version-history":[{"count":20,"href":"https:\/\/lsiracusa.com\/index.php\/wp-json\/wp\/v2\/pages\/1390\/revisions"}],"predecessor-version":[{"id":2714,"href":"https:\/\/lsiracusa.com\/index.php\/wp-json\/wp\/v2\/pages\/1390\/revisions\/2714"}],"wp:attachment":[{"href":"https:\/\/lsiracusa.com\/index.php\/wp-json\/wp\/v2\/media?parent=1390"}],"curies":[{"name":"wp","href":"https:\/\/api.w.org\/{rel}","templated":true}]}}