{"id":1393,"date":"2024-04-19T23:02:53","date_gmt":"2024-04-20T03:02:53","guid":{"rendered":"https:\/\/lsiracusa.com\/index.php\/about\/"},"modified":"2024-04-24T23:02:20","modified_gmt":"2024-04-25T03:02:20","slug":"palermo","status":"publish","type":"page","link":"https:\/\/lsiracusa.com\/index.php\/palermo\/","title":{"rendered":"Palermo Construcci\u00f3n"},"content":{"rendered":"\n<div class=\"wp-block-uagb-advanced-heading uagb-block-84f814f5\"><p class=\"uagb-desc-text\">Portafolio reportes para industria de la construccion<\/p><h1 class=\"uagb-heading-text\">Conoce a                      Palermo Construcci\u00f3n <\/h1><\/div>\n\n\n\n<div class=\"wp-block-uagb-container uagb-block-a79bbcd0 alignfull uagb-is-root-container\"><div class=\"uagb-container-inner-blocks-wrap\">\n<div class=\"wp-block-uagb-container uagb-block-dfef776f\">\n<div class=\"wp-block-uagb-container uagb-block-3eb5150e\">\n<div class=\"wp-block-uagb-image uagb-block-1c91ce91 wp-block-uagb-image--layout-default wp-block-uagb-image--effect-static wp-block-uagb-image--align-none\"><figure class=\"wp-block-uagb-image__figure\"><img decoding=\"async\" srcset=\"https:\/\/lsiracusa.com\/wp-content\/uploads\/2023\/09\/Arquitectura.png \" sizes=\"auto, (max-width: 480px) 150px\" src=\"https:\/\/lsiracusa.com\/wp-content\/uploads\/2023\/09\/Arquitectura.png\" alt=\"\" class=\"uag-image-2642\" width=\"600\" height=\"600\" title=\"\" loading=\"lazy\"\/><\/figure><\/div>\n<\/div>\n\n\n\n<div class=\"wp-block-uagb-container uagb-block-0807ea80\">\n<p><\/p>\n\n\n\n<div class=\"wp-block-uagb-advanced-heading uagb-block-f6675afe\"><h5 class=\"uagb-heading-text\">Empresa dedicada a la ejecuci\u00f3n de proyectos de construcci\u00f3n, con dos unidades de negocio: L\u00edderes y Matem\u00e1ticos.<\/h5><p class=\"uagb-desc-text\">Sus proyectos se clasifican seg\u00fan la especialidad a la que pertenece. <\/p><\/div>\n\n\n\n<p>Actualmente la Unidad de Negocio L\u00edderes cuenta con los proyectos Jack Welch, Mohamad Gandhi y M. Luther King. <\/p>\n\n\n\n<p>La Unidad de Negocio Matem\u00e1ticos cuenta con los proyectos Isaac Newton y Arqu\u00edmedes Siracusa.<\/p>\n\n\n\n<p>Palermo Construcci\u00f3n cuenta con reportes integrados que cubren todos los procesos del negocio desde el control de los proyectos hasta la gesti\u00f3n financiera, lo cual permite conocer el avance y rentabilidad real de las obras, analizar el negocio por m\u00faltiples dimensiones: obra, naturaleza y origen del gasto, unidad de negocio.<\/p>\n\n\n\n<p>De igual forma dispone de un flujo de caja (cash Flow) fiable para la gesti\u00f3n de tesorer\u00eda, que esta totalmente integrado con la planificaci\u00f3n de sus proyectos, teniendo en cuenta las certificaciones (facturaci\u00f3n) de las obras, los acuerdos con clientes, proveedores, entidades financieras y dem\u00e1s aspectos internos y externos que son influyentes en la gesti\u00f3n de tesorer\u00eda.<\/p>\n<\/div>\n<\/div>\n<\/div><\/div>\n\n\n\n<div class=\"wp-block-uagb-container uagb-block-7fe8c180 alignfull uagb-is-root-container\"><div class=\"uagb-container-inner-blocks-wrap\">\n<div class=\"wp-block-uagb-container uagb-block-e287fc9a\">\n<div class=\"wp-block-uagb-advanced-heading uagb-block-c41aace3\"><h2 class=\"uagb-heading-text\"><strong>Informes de Gesti\u00f3n<\/strong><\/h2><\/div>\n\n\n\n<p>Los informes para la gesti\u00f3n de Palermo Construcci\u00f3n concentran una gran cantidad de datos complejos y valiosos,  que simultanea y din\u00e1micamente permiten visualizar el panorama completo en tiempo real, as\u00ed como, en caso de requerirse, obtener informaci\u00f3n a\u00fan m\u00e1s profunda,  proporcionando el contexto y contenido relevante para la toma de decisiones eficientes oportunas y efectivas.<\/p>\n\n\n\n<p>La planificaci\u00f3n de los ingresos, costes y recursos se gestiona con base a la elaboraci\u00f3n y an\u00e1lisis de presupuestos hasta completar la cifra de negocio estimada al fin de cada obra (Budget) y su revisi\u00f3n a medio a\u00f1o (Forecast). <\/p>\n<\/div>\n\n\n\n<div class=\"wp-block-uagb-container uagb-block-da324c78\">\n<iframe loading=\"lazy\" title=\"ReportePalermoConstruccion\" width=\"600\" height=\"373.5\" src=\"https:\/\/app.powerbi.com\/view?r=eyJrIjoiNTczNTBmYmMtNGUyZi00MTFhLTk3MDgtNzA3YWZmODM0NzUyIiwidCI6ImJmYTY5ZGU1LTI4ZTYtNDVkMC05NGMzLTIyNTBkZTlmNWQzOSIsImMiOjJ9\" frameborder=\"0\" allowFullScreen=\"true\"><\/iframe>\n<\/div>\n<\/div><\/div>\n\n\n\n<div class=\"wp-block-uagb-container uagb-block-342d9f81 alignfull uagb-is-root-container\"><div class=\"uagb-container-inner-blocks-wrap\">\n<div class=\"wp-block-uagb-container uagb-block-8bc04cf2\">\n<figure class=\"wp-block-image size-full\"><img loading=\"lazy\" decoding=\"async\" width=\"978\" height=\"540\" src=\"https:\/\/lsiracusa.com\/wp-content\/uploads\/2023\/10\/Captura01.png\" alt=\"\" class=\"wp-image-2706\"\/><\/figure>\n<\/div>\n\n\n\n<div class=\"wp-block-uagb-container uagb-block-95a5dac8\">\n<figure class=\"wp-block-image size-full\"><img loading=\"lazy\" decoding=\"async\" width=\"977\" height=\"541\" src=\"https:\/\/lsiracusa.com\/wp-content\/uploads\/2023\/10\/Captura02.png\" alt=\"\" class=\"wp-image-2707\"\/><\/figure>\n<\/div>\n\n\n\n<div class=\"wp-block-uagb-container uagb-block-a1afb4a5\">\n<figure class=\"wp-block-image size-full\"><img loading=\"lazy\" decoding=\"async\" width=\"971\" height=\"536\" src=\"https:\/\/lsiracusa.com\/wp-content\/uploads\/2023\/10\/Captura03.png\" alt=\"\" class=\"wp-image-2708\"\/><\/figure>\n<\/div>\n\n\n\n<div class=\"wp-block-uagb-container uagb-block-7a876f33\">\n<figure class=\"wp-block-image size-full\"><img loading=\"lazy\" decoding=\"async\" width=\"972\" height=\"539\" src=\"https:\/\/lsiracusa.com\/wp-content\/uploads\/2023\/10\/Captura04.png\" alt=\"\" class=\"wp-image-2709\"\/><\/figure>\n<\/div>\n<\/div><\/div>\n\n\n\n<div class=\"wp-block-uagb-container uagb-block-f5727814 alignfull uagb-is-root-container\"><div class=\"uagb-container-inner-blocks-wrap\">\n<div class=\"wp-block-uagb-container uagb-block-56b6a963\">\n<div class=\"wp-block-uagb-advanced-heading uagb-block-3f90a7ad\"><h2 class=\"uagb-heading-text\">Gesti\u00f3n de Tesorer\u00eda<\/h2><p class=\"uagb-desc-text\">Palermo Construcciones hace seguimiento de su Flujo de Caja a trav\u00e9s de Visualizaciones en Power Bi, contando con el hist\u00f3rico de movimientos desde inicio de cada obra a la fecha, as\u00ed como tambi\u00e9n incluye la estimaci\u00f3n hasta final de cada proyecto.<\/p><\/div>\n<\/div>\n\n\n\n<iframe loading=\"lazy\" title=\"ReporteFlujodeCaja\" width=\"600\" height=\"373.5\" src=\"https:\/\/app.powerbi.com\/view?r=eyJrIjoiYjNlMjZmOWEtYzkwYS00OTkwLWFlZGYtMzMyODA1NmQxYzhkIiwidCI6ImJmYTY5ZGU1LTI4ZTYtNDVkMC05NGMzLTIyNTBkZTlmNWQzOSIsImMiOjJ9\" frameborder=\"0\" allowFullScreen=\"true\"><\/iframe>\n<\/div><\/div>\n\n\n\n<div class=\"wp-block-uagb-container uagb-block-6795bc4b alignfull uagb-is-root-container\"><div class=\"uagb-container-inner-blocks-wrap\">\n<div class=\"wp-block-uagb-container uagb-block-ebd677c7\">\n<figure class=\"wp-block-image size-full\"><img loading=\"lazy\" decoding=\"async\" width=\"903\" height=\"503\" src=\"https:\/\/lsiracusa.com\/wp-content\/uploads\/2023\/09\/PC_GT_Pag1.png\" alt=\"\" class=\"wp-image-2644\"\/><\/figure>\n<\/div>\n\n\n\n<div class=\"wp-block-uagb-container uagb-block-f858d1f2\">\n<figure class=\"wp-block-image size-full\"><img loading=\"lazy\" decoding=\"async\" width=\"906\" height=\"502\" src=\"https:\/\/lsiracusa.com\/wp-content\/uploads\/2023\/09\/PC_GT_Pag2.png\" alt=\"\" class=\"wp-image-2650\"\/><\/figure>\n<\/div>\n\n\n\n<div class=\"wp-block-uagb-container uagb-block-d644becf\">\n<figure class=\"wp-block-image size-full\"><img loading=\"lazy\" decoding=\"async\" width=\"967\" height=\"540\" src=\"https:\/\/lsiracusa.com\/wp-content\/uploads\/2023\/10\/Captura03-1.png\" alt=\"\" class=\"wp-image-2710\"\/><\/figure>\n<\/div>\n\n\n\n<div class=\"wp-block-uagb-container uagb-block-3c8d770a\">\n<figure class=\"wp-block-image size-full\"><img loading=\"lazy\" decoding=\"async\" width=\"916\" height=\"503\" src=\"https:\/\/lsiracusa.com\/wp-content\/uploads\/2023\/09\/PC_GT_Pag4.png\" alt=\"\" class=\"wp-image-2652\"\/><\/figure>\n<\/div>\n<\/div><\/div>\n\n\n\n<div class=\"wp-block-uagb-container uagb-block-7a0e9114 alignfull uagb-is-root-container\"><div class=\"uagb-container-inner-blocks-wrap\">\n<div class=\"wp-block-uagb-container uagb-block-0daffff1\">\n<div class=\"wp-block-uagb-container uagb-block-96d65eb1\">\n<div class=\"wp-block-uagb-advanced-heading uagb-block-848cbb06\"><h6 class=\"uagb-heading-text\">.<\/h6><\/div>\n<\/div>\n\n\n\n<div class=\"wp-block-uagb-container uagb-block-617029dd\">\n<div class=\"wp-block-uagb-advanced-heading uagb-block-60063ed4\"><p class=\"uagb-heading-text\">Estrategias:<\/p><\/div>\n\n\n\n<p>Si estas interesado en conocer m\u00e1s acerca de los insights que Palermo Construcci\u00f3n monitorea con estos reportes y de las estrategias de gesti\u00f3n ha establecido con base al an\u00e1lisis de la informaci\u00f3n, cont\u00e1ctame:<\/p>\n\n\n\n<p class=\"has-text-align-center\">info@lsiracusa.com<\/p>\n<\/div>\n<\/div>\n<\/div><\/div>\n\n\n\n<div class=\"wp-block-uagb-image uagb-block-91143fde wp-block-uagb-image--layout-default wp-block-uagb-image--effect-static wp-block-uagb-image--align-none\"><figure class=\"wp-block-uagb-image__figure\"><img decoding=\"async\" srcset=\"https:\/\/lsiracusa.com\/wp-content\/uploads\/2023\/09\/Ciudad-1.png \" sizes=\"auto, (max-width: 480px) 150px\" src=\"https:\/\/lsiracusa.com\/wp-content\/uploads\/2023\/09\/Ciudad-1.png\" alt=\"\" class=\"uag-image-2679\" width=\"1100\" height=\"600\" title=\"\" loading=\"lazy\"\/><\/figure><\/div>\n","protected":false},"excerpt":{"rendered":"<p>Portafolio reportes para industria de la construccion Conoce a Palermo Construcci\u00f3n Empresa dedicada a la ejecuci\u00f3n de proyectos de construcci\u00f3n, con dos unidades de negocio: L\u00edderes y Matem\u00e1ticos. Sus proyectos se clasifican seg\u00fan la especialidad a la que pertenece. Actualmente la Unidad de Negocio L\u00edderes cuenta con los proyectos Jack Welch, Mohamad Gandhi y M. &hellip;<\/p>\n<p class=\"read-more\"> <a class=\"\" href=\"https:\/\/lsiracusa.com\/index.php\/palermo\/\"> <span class=\"screen-reader-text\">Palermo Construcci\u00f3n<\/span> Leer m\u00e1s &raquo;<\/a><\/p>\n","protected":false},"author":1,"featured_media":0,"parent":0,"menu_order":0,"comment_status":"closed","ping_status":"closed","template":"","meta":{"_uag_custom_page_level_css":"","site-sidebar-layout":"no-sidebar","site-content-layout":"page-builder","ast-site-content-layout":"full-width-container","site-content-style":"unboxed","site-sidebar-style":"unboxed","ast-global-header-display":"","ast-banner-title-visibility":"","ast-main-header-display":"","ast-hfb-above-header-display":"","ast-hfb-below-header-display":"","ast-hfb-mobile-header-display":"","site-post-title":"disabled","ast-breadcrumbs-content":"","ast-featured-img":"disabled","footer-sml-layout":"","theme-transparent-header-meta":"enabled","adv-header-id-meta":"","stick-header-meta":"","header-above-stick-meta":"","header-main-stick-meta":"","header-below-stick-meta":"","astra-migrate-meta-layouts":"set","footnotes":""},"class_list":["post-1393","page","type-page","status-publish","hentry"],"uagb_featured_image_src":{"full":false,"thumbnail":false,"medium":false,"medium_large":false,"large":false,"1536x1536":false,"2048x2048":false},"uagb_author_info":{"display_name":"lilianag.siracusac","author_link":"https:\/\/lsiracusa.com\/index.php\/author\/lilianag-siracusac\/"},"uagb_comment_info":0,"uagb_excerpt":"Portafolio reportes para industria de la construccion Conoce a Palermo Construcci\u00f3n Empresa dedicada a la ejecuci\u00f3n de proyectos de construcci\u00f3n, con dos unidades de negocio: L\u00edderes y Matem\u00e1ticos. Sus proyectos se clasifican seg\u00fan la especialidad a la que pertenece. Actualmente la Unidad de Negocio L\u00edderes cuenta con los proyectos Jack Welch, Mohamad Gandhi y M.&hellip;","_links":{"self":[{"href":"https:\/\/lsiracusa.com\/index.php\/wp-json\/wp\/v2\/pages\/1393","targetHints":{"allow":["GET"]}}],"collection":[{"href":"https:\/\/lsiracusa.com\/index.php\/wp-json\/wp\/v2\/pages"}],"about":[{"href":"https:\/\/lsiracusa.com\/index.php\/wp-json\/wp\/v2\/types\/page"}],"author":[{"embeddable":true,"href":"https:\/\/lsiracusa.com\/index.php\/wp-json\/wp\/v2\/users\/1"}],"replies":[{"embeddable":true,"href":"https:\/\/lsiracusa.com\/index.php\/wp-json\/wp\/v2\/comments?post=1393"}],"version-history":[{"count":24,"href":"https:\/\/lsiracusa.com\/index.php\/wp-json\/wp\/v2\/pages\/1393\/revisions"}],"predecessor-version":[{"id":2739,"href":"https:\/\/lsiracusa.com\/index.php\/wp-json\/wp\/v2\/pages\/1393\/revisions\/2739"}],"wp:attachment":[{"href":"https:\/\/lsiracusa.com\/index.php\/wp-json\/wp\/v2\/media?parent=1393"}],"curies":[{"name":"wp","href":"https:\/\/api.w.org\/{rel}","templated":true}]}}